[INFO] cloning repository https://github.com/alborrajo/sheetesia
[INFO] running `Command { std: "git" "-c" "credential.helper=" "-c" "credential.helper=/workspace/cargo-home/bin/git-credential-null" "clone" "--bare" "https://github.com/alborrajo/sheetesia" "/workspace/cache/git-repos/https%3A%2F%2Fgithub.com%2Falborrajo%2Fsheetesia", kill_on_drop: false }`
[INFO] [stderr] Cloning into bare repository '/workspace/cache/git-repos/https%3A%2F%2Fgithub.com%2Falborrajo%2Fsheetesia'...
[INFO] running `Command { std: "git" "rev-parse" "HEAD", kill_on_drop: false }`
[INFO] [stdout] b8018d9c5cd7e5d76235d5fb062514ffa48c2552
[INFO] checking alborrajo/sheetesia against master#cfbc6d4cf1acbac5c025acf8ed68929caa551df3 for pr-75494-beta
[INFO] running `Command { std: "git" "clone" "/workspace/cache/git-repos/https%3A%2F%2Fgithub.com%2Falborrajo%2Fsheetesia" "/workspace/builds/worker-10/source", kill_on_drop: false }`
[INFO] [stderr] Cloning into '/workspace/builds/worker-10/source'...
[INFO] [stderr] done.
[INFO] validating manifest of git repo https://github.com/alborrajo/sheetesia on toolchain cfbc6d4cf1acbac5c025acf8ed68929caa551df3
[INFO] running `Command { std: "/workspace/cargo-home/bin/cargo" "+cfbc6d4cf1acbac5c025acf8ed68929caa551df3" "read-manifest" "--manifest-path" "Cargo.toml", kill_on_drop: false }`
[INFO] started tweaking git repo https://github.com/alborrajo/sheetesia
[INFO] finished tweaking git repo https://github.com/alborrajo/sheetesia
[INFO] tweaked toml for git repo https://github.com/alborrajo/sheetesia written to /workspace/builds/worker-10/source/Cargo.toml
[INFO] crate git repo https://github.com/alborrajo/sheetesia already has a lockfile, it will not be regenerated
[INFO] running `Command { std: "/workspace/cargo-home/bin/cargo" "+cfbc6d4cf1acbac5c025acf8ed68929caa551df3" "fetch" "--locked" "--manifest-path" "Cargo.toml", kill_on_drop: false }`
[INFO] [stderr]  Downloading crates ...
[INFO] [stderr]   Downloaded crossbeam-deque v0.6.3
[INFO] [stderr]   Downloaded pkg-config v0.3.15
[INFO] [stderr]   Downloaded num-iter v0.1.39
[INFO] [stderr]   Downloaded regex-syntax v0.6.11
[INFO] [stderr]   Downloaded cc v1.0.40
[INFO] [stderr]   Downloaded num v0.2.0
[INFO] [stderr]   Downloaded winapi v0.3.7
[INFO] [stderr]   Downloaded regex v1.2.1
[INFO] [stderr]   Downloaded num-bigint v0.2.2
[INFO] [stderr]   Downloaded rayon v1.1.0
[INFO] [stderr]   Downloaded either v1.5.2
[INFO] [stderr]   Downloaded bitflags v1.1.0
[INFO] [stderr]   Downloaded arrayvec v0.4.11
[INFO] [stderr]   Downloaded memoffset v0.5.1
[INFO] [stderr]   Downloaded crossbeam-epoch v0.7.2
[INFO] [stderr]   Downloaded rayon-core v1.5.0
[INFO] [stderr]   Downloaded once_cell v0.2.6
[INFO] [stderr]   Downloaded cpp_build v0.5.3
[INFO] [stderr]   Downloaded cpp v0.5.3
[INFO] [stderr]   Downloaded ghakuf v0.5.3
[INFO] [stderr]   Downloaded cpp_macros v0.5.3
[INFO] [stderr]   Downloaded cpp_common v0.5.3
[INFO] [stderr]   Downloaded opencv v0.19.1
[INFO] running `Command { std: "docker" "create" "-v" "/var/lib/crater-agent-workspace/builds/worker-10/target:/opt/rustwide/target:rw,Z" "-v" "/var/lib/crater-agent-workspace/builds/worker-10/source:/opt/rustwide/workdir:ro,Z" "-v" "/var/lib/crater-agent-workspace/cargo-home:/opt/rustwide/cargo-home:ro,Z" "-v" "/var/lib/crater-agent-workspace/rustup-home:/opt/rustwide/rustup-home:ro,Z" "-e" "SOURCE_DIR=/opt/rustwide/workdir" "-e" "CARGO_TARGET_DIR=/opt/rustwide/target" "-e" "CARGO_HOME=/opt/rustwide/cargo-home" "-e" "RUSTUP_HOME=/opt/rustwide/rustup-home" "-w" "/opt/rustwide/workdir" "-m" "1610612736" "--user" "0:0" "--network" "none" "rustops/crates-build-env@sha256:a636fd89d022f18117e1dc8fb37a0a009933cdbbe082814857f0e2024962d47c" "/opt/rustwide/cargo-home/bin/cargo" "+cfbc6d4cf1acbac5c025acf8ed68929caa551df3" "metadata" "--no-deps" "--format-version=1", kill_on_drop: false }`
[INFO] [stdout] 2e06a1f18d55bbc76896a50684b29f2ad719b5d5cf1e4c2c6ffab03410e76a81
[INFO] [stderr] WARNING: Your kernel does not support swap limit capabilities or the cgroup is not mounted. Memory limited without swap.
[INFO] running `Command { std: "docker" "start" "-a" "2e06a1f18d55bbc76896a50684b29f2ad719b5d5cf1e4c2c6ffab03410e76a81", kill_on_drop: false }`
[INFO] running `Command { std: "docker" "inspect" "2e06a1f18d55bbc76896a50684b29f2ad719b5d5cf1e4c2c6ffab03410e76a81", kill_on_drop: false }`
[INFO] running `Command { std: "docker" "rm" "-f" "2e06a1f18d55bbc76896a50684b29f2ad719b5d5cf1e4c2c6ffab03410e76a81", kill_on_drop: false }`
[INFO] [stdout] 2e06a1f18d55bbc76896a50684b29f2ad719b5d5cf1e4c2c6ffab03410e76a81
[INFO] running `Command { std: "docker" "create" "-v" "/var/lib/crater-agent-workspace/builds/worker-10/target:/opt/rustwide/target:rw,Z" "-v" "/var/lib/crater-agent-workspace/builds/worker-10/source:/opt/rustwide/workdir:ro,Z" "-v" "/var/lib/crater-agent-workspace/cargo-home:/opt/rustwide/cargo-home:ro,Z" "-v" "/var/lib/crater-agent-workspace/rustup-home:/opt/rustwide/rustup-home:ro,Z" "-e" "SOURCE_DIR=/opt/rustwide/workdir" "-e" "CARGO_TARGET_DIR=/opt/rustwide/target" "-e" "CARGO_INCREMENTAL=0" "-e" "RUST_BACKTRACE=full" "-e" "RUSTFLAGS=--cap-lints=forbid" "-e" "CARGO_HOME=/opt/rustwide/cargo-home" "-e" "RUSTUP_HOME=/opt/rustwide/rustup-home" "-w" "/opt/rustwide/workdir" "-m" "1610612736" "--user" "0:0" "--network" "none" "rustops/crates-build-env@sha256:a636fd89d022f18117e1dc8fb37a0a009933cdbbe082814857f0e2024962d47c" "/opt/rustwide/cargo-home/bin/cargo" "+cfbc6d4cf1acbac5c025acf8ed68929caa551df3" "check" "--frozen" "--all" "--all-targets" "--message-format=json", kill_on_drop: false }`
[INFO] [stdout] 1e2b09d6f08b20a072655da7799686f002c3b7e63adb7b3bbc4ebf26de19e603
[INFO] [stderr] WARNING: Your kernel does not support swap limit capabilities or the cgroup is not mounted. Memory limited without swap.
[INFO] running `Command { std: "docker" "start" "-a" "1e2b09d6f08b20a072655da7799686f002c3b7e63adb7b3bbc4ebf26de19e603", kill_on_drop: false }`
[INFO] [stderr]     Blocking waiting for file lock on package cache
[INFO] [stderr]    Compiling semver-parser v0.7.0
[INFO] [stderr]    Compiling cfg-if v0.1.9
[INFO] [stderr]    Compiling scopeguard v1.0.0
[INFO] [stderr]    Compiling memchr v2.2.1
[INFO] [stderr]    Compiling arrayvec v0.4.11
[INFO] [stderr]    Compiling proc-macro2 v0.4.30
[INFO] [stderr]    Compiling unicode-xid v0.1.0
[INFO] [stderr]    Compiling syn v0.15.44
[INFO] [stderr]    Compiling byteorder v1.3.2
[INFO] [stderr]    Compiling either v1.5.2
[INFO] [stderr]    Compiling smallvec v0.6.10
[INFO] [stderr]    Compiling regex-syntax v0.6.11
[INFO] [stderr]    Compiling num-bigint v0.2.2
[INFO] [stderr]    Compiling log v0.4.8
[INFO] [stderr]    Compiling glob v0.3.0
[INFO] [stderr]    Compiling pkg-config v0.3.15
[INFO] [stderr]     Checking slab v0.4.2
[INFO] [stderr]     Checking lazy_static v1.3.0
[INFO] [stderr]    Compiling num-traits v0.2.8
[INFO] [stderr]    Compiling thread_local v0.3.6
[INFO] [stderr]    Compiling num-iter v0.1.39
[INFO] [stderr]    Compiling num-complex v0.2.3
[INFO] [stderr]    Compiling num-rational v0.2.2
[INFO] [stderr]    Compiling crossbeam-utils v0.6.6
[INFO] [stderr]    Compiling lock_api v0.3.1
[INFO] [stderr]    Compiling semver v0.9.0
[INFO] [stderr]    Compiling libc v0.2.62
[INFO] [stderr]    Compiling crossbeam-queue v0.1.2
[INFO] [stderr]    Compiling rustc_version v0.2.3
[INFO] [stderr]    Compiling aho-corasick v0.7.6
[INFO] [stderr]    Compiling aho-corasick v0.6.10
[INFO] [stderr]     Checking ghakuf v0.5.3
[INFO] [stderr]    Compiling num_cpus v1.10.1
[INFO] [stderr]    Compiling memoffset v0.5.1
[INFO] [stderr]    Compiling parking_lot_core v0.6.2
[INFO] [stderr]    Compiling parking_lot v0.9.0
[INFO] [stderr]    Compiling quote v0.6.13
[INFO] [stderr]     Checking num-integer v0.1.41
[INFO] [stderr]    Compiling crossbeam-epoch v0.7.2
[INFO] [stderr]    Compiling crossbeam-deque v0.6.3
[INFO] [stderr]    Compiling rayon-core v1.5.0
[INFO] [stderr]    Compiling once_cell v0.2.6
[INFO] [stderr]    Compiling rayon v1.1.0
[INFO] [stderr]    Compiling regex v1.2.1
[INFO] [stderr]     Checking num v0.2.0
[INFO] [stderr]    Compiling cc v1.0.40
[INFO] [stderr]    Compiling cpp_common v0.5.3
[INFO] [stderr]    Compiling cpp_build v0.5.3
[INFO] [stderr]    Compiling cpp_macros v0.5.3
[INFO] [stderr]    Compiling opencv v0.19.1
[INFO] [stderr]     Checking cpp v0.5.3
[INFO] [stderr] The following warnings were emitted during compilation:
[INFO] [stderr] 
[INFO] [stderr] warning: c++: fatal error: Killed signal terminated program cc1plus
[INFO] [stderr] warning: compilation terminated.
[INFO] [stderr] warning: c++: fatal error: Killed signal terminated program cc1plus
[INFO] [stderr] warning: compilation terminated.
[INFO] [stderr] warning: c++: fatal error: Killed signal terminated program cc1plus
[INFO] [stderr] warning: compilation terminated.
[INFO] [stderr] warning: c++: fatal error: Killed signal terminated program cc1plus
[INFO] [stderr] warning: compilation terminated.
[INFO] [stderr] warning: c++: fatal error: Killed signal terminated program cc1plus
[INFO] [stderr] warning: compilation terminated.
[INFO] [stderr] warning: c++: fatal error: Killed signal terminated program cc1plus
[INFO] [stderr] warning: compilation terminated.
[INFO] [stderr] warning: c++: fatal error: Killed signal terminated program cc1plus
[INFO] [stderr] warning: compilation terminated.
[INFO] [stderr] warning: c++: fatal error: Killed signal terminated program cc1plus
[INFO] [stderr] warning: compilation terminated.
[INFO] [stderr] warning: c++: fatal error: Killed signal terminated program cc1plus
[INFO] [stderr] warning: compilation terminated.
[INFO] [stderr] warning: c++: fatal error: Killed signal terminated program cc1plus
[INFO] [stderr] warning: compilation terminated.
[INFO] [stderr] warning: c++: fatal error: Killed signal terminated program cc1plus
[INFO] [stderr] warning: compilation terminated.
[INFO] [stderr] 
[INFO] [stderr] error: failed to run custom build command for `opencv v0.19.1`
[INFO] [stderr] 
[INFO] [stderr] Caused by:
[INFO] [stderr]   process didn't exit successfully: `/opt/rustwide/target/debug/build/opencv-719c5ceafd68c3ab/build-script-build` (exit code: 1)
[INFO] [stderr]   --- stdout
[INFO] [stderr]   cargo:rerun-if-changed=hdr_parser.py
[INFO] [stderr]   cargo:rerun-if-changed=gen_rust.py
[INFO] [stderr]   Generating module 'structured_light' from headers:
[INFO] [stderr]   	/opt/rustwide/cargo-home/registry/src/github.com-1ecc6299db9ec823/opencv-0.19.1/headers/4.1/opencv2/structured_light.hpp
[INFO] [stderr]   	/opt/rustwide/cargo-home/registry/src/github.com-1ecc6299db9ec823/opencv-0.19.1/headers/4.1/opencv2/structured_light/graycodepattern.hpp
[INFO] [stderr]   	/opt/rustwide/cargo-home/registry/src/github.com-1ecc6299db9ec823/opencv-0.19.1/headers/4.1/opencv2/structured_light/sinusoidalpattern.hpp
[INFO] [stderr]   	/opt/rustwide/cargo-home/registry/src/github.com-1ecc6299db9ec823/opencv-0.19.1/headers/4.1/opencv2/structured_light/structured_light.hpp
[INFO] [stderr]   Generating module 'superres' from headers:
[INFO] [stderr]   	/opt/rustwide/cargo-home/registry/src/github.com-1ecc6299db9ec823/opencv-0.19.1/headers/4.1/opencv2/superres.hpp
[INFO] [stderr]   Generating module 'cvv' from headers:
[INFO] [stderr]   	/opt/rustwide/cargo-home/registry/src/github.com-1ecc6299db9ec823/opencv-0.19.1/headers/4.1/opencv2/cvv.hpp
[INFO] [stderr]   	/opt/rustwide/cargo-home/registry/src/github.com-1ecc6299db9ec823/opencv-0.19.1/headers/4.1/opencv2/cvv/call_meta_data.hpp
[INFO] [stderr]   	/opt/rustwide/cargo-home/registry/src/github.com-1ecc6299db9ec823/opencv-0.19.1/headers/4.1/opencv2/cvv/cvv.hpp
[INFO] [stderr]   	/opt/rustwide/cargo-home/registry/src/github.com-1ecc6299db9ec823/opencv-0.19.1/headers/4.1/opencv2/cvv/debug_mode.hpp
[INFO] [stderr]   	/opt/rustwide/cargo-home/registry/src/github.com-1ecc6299db9ec823/opencv-0.19.1/headers/4.1/opencv2/cvv/dmatch.hpp
[INFO] [stderr]   	/opt/rustwide/cargo-home/registry/src/github.com-1ecc6299db9ec823/opencv-0.19.1/headers/4.1/opencv2/cvv/filter.hpp
[INFO] [stderr]   	/opt/rustwide/cargo-home/registry/src/github.com-1ecc6299db9ec823/opencv-0.19.1/headers/4.1/opencv2/cvv/final_show.hpp
[INFO] [stderr]   	/opt/rustwide/cargo-home/registry/src/github.com-1ecc6299db9ec823/opencv-0.19.1/headers/4.1/opencv2/cvv/show_image.hpp
[INFO] [stderr]   Generating module 'bioinspired' from headers:
[INFO] [stderr]   	/opt/rustwide/cargo-home/registry/src/github.com-1ecc6299db9ec823/opencv-0.19.1/headers/4.1/opencv2/bioinspired.hpp
[INFO] [stderr]   	/opt/rustwide/cargo-home/registry/src/github.com-1ecc6299db9ec823/opencv-0.19.1/headers/4.1/opencv2/bioinspired/bioinspired.hpp
[INFO] [stderr]   	/opt/rustwide/cargo-home/registry/src/github.com-1ecc6299db9ec823/opencv-0.19.1/headers/4.1/opencv2/bioinspired/retina.hpp
[INFO] [stderr]   	/opt/rustwide/cargo-home/registry/src/github.com-1ecc6299db9ec823/opencv-0.19.1/headers/4.1/opencv2/bioinspired/retinafasttonemapping.hpp
[INFO] [stderr]   	/opt/rustwide/cargo-home/registry/src/github.com-1ecc6299db9ec823/opencv-0.19.1/headers/4.1/opencv2/bioinspired/transientareassegmentationmodule.hpp
[INFO] [stderr]   Generating module 'hdf' from headers:
[INFO] [stderr]   	/opt/rustwide/cargo-home/registry/src/github.com-1ecc6299db9ec823/opencv-0.19.1/headers/4.1/opencv2/hdf.hpp
[INFO] [stderr]   	/opt/rustwide/cargo-home/registry/src/github.com-1ecc6299db9ec823/opencv-0.19.1/headers/4.1/opencv2/hdf/hdf5.hpp
[INFO] [stderr]   Generating module 'stitching' from headers:
[INFO] [stderr]   	/opt/rustwide/cargo-home/registry/src/github.com-1ecc6299db9ec823/opencv-0.19.1/headers/4.1/opencv2/stitching.hpp
[INFO] [stderr]   	/opt/rustwide/cargo-home/registry/src/github.com-1ecc6299db9ec823/opencv-0.19.1/headers/4.1/opencv2/stitching/warpers.hpp
[INFO] [stderr]   Generating module 'img_hash' from headers:
[INFO] [stderr]   	/opt/rustwide/cargo-home/registry/src/github.com-1ecc6299db9ec823/opencv-0.19.1/headers/4.1/opencv2/img_hash.hpp
[INFO] [stderr]   	/opt/rustwide/cargo-home/registry/src/github.com-1ecc6299db9ec823/opencv-0.19.1/headers/4.1/opencv2/img_hash/average_hash.hpp
[INFO] [stderr]   	/opt/rustwide/cargo-home/registry/src/github.com-1ecc6299db9ec823/opencv-0.19.1/headers/4.1/opencv2/img_hash/block_mean_hash.hpp
[INFO] [stderr]   	/opt/rustwide/cargo-home/registry/src/github.com-1ecc6299db9ec823/opencv-0.19.1/headers/4.1/opencv2/img_hash/color_moment_hash.hpp
[INFO] [stderr]   	/opt/rustwide/cargo-home/registry/src/github.com-1ecc6299db9ec823/opencv-0.19.1/headers/4.1/opencv2/img_hash/img_hash_base.hpp
[INFO] [stderr]   	/opt/rustwide/cargo-home/registry/src/github.com-1ecc6299db9ec823/opencv-0.19.1/headers/4.1/opencv2/img_hash/marr_hildreth_hash.hpp
[INFO] [stderr]   	/opt/rustwide/cargo-home/registry/src/github.com-1ecc6299db9ec823/opencv-0.19.1/headers/4.1/opencv2/img_hash/phash.hpp
[INFO] [stderr]   	/opt/rustwide/cargo-home/registry/src/github.com-1ecc6299db9ec823/opencv-0.19.1/headers/4.1/opencv2/img_hash/radial_variance_hash.hpp
[INFO] [stderr]   Generating module 'sfm' from headers:
[INFO] [stderr]   	/opt/rustwide/cargo-home/registry/src/github.com-1ecc6299db9ec823/opencv-0.19.1/headers/4.1/opencv2/sfm.hpp
[INFO] [stderr]   	/opt/rustwide/cargo-home/registry/src/github.com-1ecc6299db9ec823/opencv-0.19.1/headers/4.1/opencv2/sfm/conditioning.hpp
[INFO] [stderr]   	/opt/rustwide/cargo-home/registry/src/github.com-1ecc6299db9ec823/opencv-0.19.1/headers/4.1/opencv2/sfm/fundamental.hpp
[INFO] [stderr]   	/opt/rustwide/cargo-home/registry/src/github.com-1ecc6299db9ec823/opencv-0.19.1/headers/4.1/opencv2/sfm/io.hpp
[INFO] [stderr]   	/opt/rustwide/cargo-home/registry/src/github.com-1ecc6299db9ec823/opencv-0.19.1/headers/4.1/opencv2/sfm/numeric.hpp
[INFO] [stderr]   	/opt/rustwide/cargo-home/registry/src/github.com-1ecc6299db9ec823/opencv-0.19.1/headers/4.1/opencv2/sfm/projection.hpp
[INFO] [stderr]   	/opt/rustwide/cargo-home/registry/src/github.com-1ecc6299db9ec823/opencv-0.19.1/headers/4.1/opencv2/sfm/reconstruct.hpp
[INFO] [stderr]   	/opt/rustwide/cargo-home/registry/src/github.com-1ecc6299db9ec823/opencv-0.19.1/headers/4.1/opencv2/sfm/robust.hpp
[INFO] [stderr]   	/opt/rustwide/cargo-home/registry/src/github.com-1ecc6299db9ec823/opencv-0.19.1/headers/4.1/opencv2/sfm/simple_pipeline.hpp
[INFO] [stderr]   	/opt/rustwide/cargo-home/registry/src/github.com-1ecc6299db9ec823/opencv-0.19.1/headers/4.1/opencv2/sfm/triangulation.hpp
[INFO] [stderr]   Generating module 'videoio' from headers:
[INFO] [stderr]   	/opt/rustwide/cargo-home/registry/src/github.com-1ecc6299db9ec823/opencv-0.19.1/headers/4.1/opencv2/videoio.hpp
[INFO] [stderr]   	/opt/rustwide/cargo-home/registry/src/github.com-1ecc6299db9ec823/opencv-0.19.1/headers/4.1/opencv2/videoio/registry.hpp
[INFO] [stderr]   	/opt/rustwide/cargo-home/registry/src/github.com-1ecc6299db9ec823/opencv-0.19.1/headers/4.1/opencv2/videoio/videoio.hpp
[INFO] [stderr]   Generating module 'objdetect' from headers:
[INFO] [stderr]   	/opt/rustwide/cargo-home/registry/src/github.com-1ecc6299db9ec823/opencv-0.19.1/headers/4.1/opencv2/objdetect.hpp
[INFO] [stderr]   	/opt/rustwide/cargo-home/registry/src/github.com-1ecc6299db9ec823/opencv-0.19.1/headers/4.1/opencv2/objdetect/detection_based_tracker.hpp
[INFO] [stderr]   	/opt/rustwide/cargo-home/registry/src/github.com-1ecc6299db9ec823/opencv-0.19.1/headers/4.1/opencv2/objdetect/objdetect.hpp
[INFO] [stderr]   Generating module 'video' from headers:
[INFO] [stderr]   	/opt/rustwide/cargo-home/registry/src/github.com-1ecc6299db9ec823/opencv-0.19.1/headers/4.1/opencv2/video.hpp
[INFO] [stderr]   	/opt/rustwide/cargo-home/registry/src/github.com-1ecc6299db9ec823/opencv-0.19.1/headers/4.1/opencv2/video/background_segm.hpp
[INFO] [stderr]   	/opt/rustwide/cargo-home/registry/src/github.com-1ecc6299db9ec823/opencv-0.19.1/headers/4.1/opencv2/video/tracking.hpp
[INFO] [stderr]   	/opt/rustwide/cargo-home/registry/src/github.com-1ecc6299db9ec823/opencv-0.19.1/headers/4.1/opencv2/video/video.hpp
[INFO] [stderr]   Generating module 'videostab' from headers:
[INFO] [stderr]   	/opt/rustwide/cargo-home/registry/src/github.com-1ecc6299db9ec823/opencv-0.19.1/headers/4.1/opencv2/videostab.hpp
[INFO] [stderr]   	/opt/rustwide/cargo-home/registry/src/github.com-1ecc6299db9ec823/opencv-0.19.1/headers/4.1/opencv2/videostab/deblurring.hpp
[INFO] [stderr]   	/opt/rustwide/cargo-home/registry/src/github.com-1ecc6299db9ec823/opencv-0.19.1/headers/4.1/opencv2/videostab/fast_marching.hpp
[INFO] [stderr]   	/opt/rustwide/cargo-home/registry/src/github.com-1ecc6299db9ec823/opencv-0.19.1/headers/4.1/opencv2/videostab/fast_marching_inl.hpp
[INFO] [stderr]   	/opt/rustwide/cargo-home/registry/src/github.com-1ecc6299db9ec823/opencv-0.19.1/headers/4.1/opencv2/videostab/frame_source.hpp
[INFO] [stderr]   	/opt/rustwide/cargo-home/registry/src/github.com-1ecc6299db9ec823/opencv-0.19.1/headers/4.1/opencv2/videostab/global_motion.hpp
[INFO] [stderr]   	/opt/rustwide/cargo-home/registry/src/github.com-1ecc6299db9ec823/opencv-0.19.1/headers/4.1/opencv2/videostab/inpainting.hpp
[INFO] [stderr]   	/opt/rustwide/cargo-home/registry/src/github.com-1ecc6299db9ec823/opencv-0.19.1/headers/4.1/opencv2/videostab/log.hpp
[INFO] [stderr]   	/opt/rustwide/cargo-home/registry/src/github.com-1ecc6299db9ec823/opencv-0.19.1/headers/4.1/opencv2/videostab/motion_core.hpp
[INFO] [stderr]   	/opt/rustwide/cargo-home/registry/src/github.com-1ecc6299db9ec823/opencv-0.19.1/headers/4.1/opencv2/videostab/motion_stabilizing.hpp
[INFO] [stderr]   	/opt/rustwide/cargo-home/registry/src/github.com-1ecc6299db9ec823/opencv-0.19.1/headers/4.1/opencv2/videostab/optical_flow.hpp
[INFO] [stderr]   	/opt/rustwide/cargo-home/registry/src/github.com-1ecc6299db9ec823/opencv-0.19.1/headers/4.1/opencv2/videostab/outlier_rejection.hpp
[INFO] [stderr]   	/opt/rustwide/cargo-home/registry/src/github.com-1ecc6299db9ec823/opencv-0.19.1/headers/4.1/opencv2/videostab/ring_buffer.hpp
[INFO] [stderr]   	/opt/rustwide/cargo-home/registry/src/github.com-1ecc6299db9ec823/opencv-0.19.1/headers/4.1/opencv2/videostab/stabilizer.hpp
[INFO] [stderr]   	/opt/rustwide/cargo-home/registry/src/github.com-1ecc6299db9ec823/opencv-0.19.1/headers/4.1/opencv2/videostab/wobble_suppression.hpp
[INFO] [stderr]   Generating module 'freetype' from headers:
[INFO] [stderr]   	/opt/rustwide/cargo-home/registry/src/github.com-1ecc6299db9ec823/opencv-0.19.1/headers/4.1/opencv2/freetype.hpp
[INFO] [stderr]   Generating module 'highgui' from headers:
[INFO] [stderr]   	/opt/rustwide/cargo-home/registry/src/github.com-1ecc6299db9ec823/opencv-0.19.1/headers/4.1/opencv2/highgui.hpp
[INFO] [stderr]   	/opt/rustwide/cargo-home/registry/src/github.com-1ecc6299db9ec823/opencv-0.19.1/headers/4.1/opencv2/highgui/highgui.hpp
[INFO] [stderr]   Generating module 'fuzzy' from headers:
[INFO] [stderr]   	/opt/rustwide/cargo-home/registry/src/github.com-1ecc6299db9ec823/opencv-0.19.1/headers/4.1/opencv2/fuzzy.hpp
[INFO] [stderr]   	/opt/rustwide/cargo-home/registry/src/github.com-1ecc6299db9ec823/opencv-0.19.1/headers/4.1/opencv2/fuzzy/fuzzy_F0_math.hpp
[INFO] [stderr]   	/opt/rustwide/cargo-home/registry/src/github.com-1ecc6299db9ec823/opencv-0.19.1/headers/4.1/opencv2/fuzzy/fuzzy_F1_math.hpp
[INFO] [stderr]   	/opt/rustwide/cargo-home/registry/src/github.com-1ecc6299db9ec823/opencv-0.19.1/headers/4.1/opencv2/fuzzy/fuzzy_image.hpp
[INFO] [stderr]   	/opt/rustwide/cargo-home/registry/src/github.com-1ecc6299db9ec823/opencv-0.19.1/headers/4.1/opencv2/fuzzy/types.hpp
[INFO] [stderr]   Generating module 'shape' from headers:
[INFO] [stderr]   	/opt/rustwide/cargo-home/registry/src/github.com-1ecc6299db9ec823/opencv-0.19.1/headers/4.1/opencv2/shape.hpp
[INFO] [stderr]   	/opt/rustwide/cargo-home/registry/src/github.com-1ecc6299db9ec823/opencv-0.19.1/headers/4.1/opencv2/shape/emdL1.hpp
[INFO] [stderr]   	/opt/rustwide/cargo-home/registry/src/github.com-1ecc6299db9ec823/opencv-0.19.1/headers/4.1/opencv2/shape/hist_cost.hpp
[INFO] [stderr]   	/opt/rustwide/cargo-home/registry/src/github.com-1ecc6299db9ec823/opencv-0.19.1/headers/4.1/opencv2/shape/shape.hpp
[INFO] [stderr]   	/opt/rustwide/cargo-home/registry/src/github.com-1ecc6299db9ec823/opencv-0.19.1/headers/4.1/opencv2/shape/shape_distance.hpp
[INFO] [stderr]   	/opt/rustwide/cargo-home/registry/src/github.com-1ecc6299db9ec823/opencv-0.19.1/headers/4.1/opencv2/shape/shape_transformer.hpp
[INFO] [stderr]   Generating module 'phase_unwrapping' from headers:
[INFO] [stderr]   	/opt/rustwide/cargo-home/registry/src/github.com-1ecc6299db9ec823/opencv-0.19.1/headers/4.1/opencv2/phase_unwrapping.hpp
[INFO] [stderr]   	/opt/rustwide/cargo-home/registry/src/github.com-1ecc6299db9ec823/opencv-0.19.1/headers/4.1/opencv2/phase_unwrapping/histogramphaseunwrapping.hpp
[INFO] [stderr]   	/opt/rustwide/cargo-home/registry/src/github.com-1ecc6299db9ec823/opencv-0.19.1/headers/4.1/opencv2/phase_unwrapping/phase_unwrapping.hpp
[INFO] [stderr]   Generating module 'imgcodecs' from headers:
[INFO] [stderr]   	/opt/rustwide/cargo-home/registry/src/github.com-1ecc6299db9ec823/opencv-0.19.1/headers/4.1/opencv2/imgcodecs.hpp
[INFO] [stderr]   	/opt/rustwide/cargo-home/registry/src/github.com-1ecc6299db9ec823/opencv-0.19.1/headers/4.1/opencv2/imgcodecs/imgcodecs.hpp
[INFO] [stderr]   Generating module 'features2d' from headers:
[INFO] [stderr]   	/opt/rustwide/cargo-home/registry/src/github.com-1ecc6299db9ec823/opencv-0.19.1/headers/4.1/opencv2/features2d.hpp
[INFO] [stderr]   	/opt/rustwide/cargo-home/registry/src/github.com-1ecc6299db9ec823/opencv-0.19.1/headers/4.1/opencv2/features2d/features2d.hpp
[INFO] [stderr]   	/opt/rustwide/cargo-home/registry/src/github.com-1ecc6299db9ec823/opencv-0.19.1/headers/4.1/opencv2/features2d/hal/interface.h
[INFO] [stderr]   Generating module 'plot' from headers:
[INFO] [stderr]   	/opt/rustwide/cargo-home/registry/src/github.com-1ecc6299db9ec823/opencv-0.19.1/headers/4.1/opencv2/plot.hpp
[INFO] [stderr]   Generating module 'dpm' from headers:
[INFO] [stderr]   	/opt/rustwide/cargo-home/registry/src/github.com-1ecc6299db9ec823/opencv-0.19.1/headers/4.1/opencv2/dpm.hpp
[INFO] [stderr]   Generating module 'line_descriptor' from headers:
[INFO] [stderr]   	/opt/rustwide/cargo-home/registry/src/github.com-1ecc6299db9ec823/opencv-0.19.1/headers/4.1/opencv2/line_descriptor.hpp
[INFO] [stderr]   	/opt/rustwide/cargo-home/registry/src/github.com-1ecc6299db9ec823/opencv-0.19.1/headers/4.1/opencv2/line_descriptor/descriptor.hpp
[INFO] [stderr]   Generating module 'photo' from headers:
[INFO] [stderr]   	/opt/rustwide/cargo-home/registry/src/github.com-1ecc6299db9ec823/opencv-0.19.1/headers/4.1/opencv2/photo.hpp
[INFO] [stderr]   	/opt/rustwide/cargo-home/registry/src/github.com-1ecc6299db9ec823/opencv-0.19.1/headers/4.1/opencv2/photo/photo.hpp
[INFO] [stderr]   Generating module 'dnn' from headers:
[INFO] [stderr]   	/opt/rustwide/cargo-home/registry/src/github.com-1ecc6299db9ec823/opencv-0.19.1/headers/4.1/opencv2/dnn.hpp
[INFO] [stderr]   	/opt/rustwide/cargo-home/registry/src/github.com-1ecc6299db9ec823/opencv-0.19.1/headers/4.1/opencv2/dnn/all_layers.hpp
[INFO] [stderr]   	/opt/rustwide/cargo-home/registry/src/github.com-1ecc6299db9ec823/opencv-0.19.1/headers/4.1/opencv2/dnn/dict.hpp
[INFO] [stderr]   	/opt/rustwide/cargo-home/registry/src/github.com-1ecc6299db9ec823/opencv-0.19.1/headers/4.1/opencv2/dnn/dnn.hpp
[INFO] [stderr]   	/opt/rustwide/cargo-home/registry/src/github.com-1ecc6299db9ec823/opencv-0.19.1/headers/4.1/opencv2/dnn/layer.hpp
[INFO] [stderr]   	/opt/rustwide/cargo-home/registry/src/github.com-1ecc6299db9ec823/opencv-0.19.1/headers/4.1/opencv2/dnn/shape_utils.hpp
[INFO] [stderr]   	/opt/rustwide/cargo-home/registry/src/github.com-1ecc6299db9ec823/opencv-0.19.1/headers/4.1/opencv2/dnn/utils/inference_engine.hpp
[INFO] [stderr]   	/opt/rustwide/cargo-home/registry/src/github.com-1ecc6299db9ec823/opencv-0.19.1/headers/4.1/opencv2/dnn/version.hpp
[INFO] [stderr]   Generating module 'ccalib' from headers:
[INFO] [stderr]   	/opt/rustwide/cargo-home/registry/src/github.com-1ecc6299db9ec823/opencv-0.19.1/headers/4.1/opencv2/ccalib.hpp
[INFO] [stderr]   	/opt/rustwide/cargo-home/registry/src/github.com-1ecc6299db9ec823/opencv-0.19.1/headers/4.1/opencv2/ccalib/multicalib.hpp
[INFO] [stderr]   	/opt/rustwide/cargo-home/registry/src/github.com-1ecc6299db9ec823/opencv-0.19.1/headers/4.1/opencv2/ccalib/omnidir.hpp
[INFO] [stderr]   	/opt/rustwide/cargo-home/registry/src/github.com-1ecc6299db9ec823/opencv-0.19.1/headers/4.1/opencv2/ccalib/randpattern.hpp
[INFO] [stderr]   Generating module 'imgproc' from headers:
[INFO] [stderr]   	/opt/rustwide/cargo-home/registry/src/github.com-1ecc6299db9ec823/opencv-0.19.1/headers/4.1/opencv2/imgproc.hpp
[INFO] [stderr]   	/opt/rustwide/cargo-home/registry/src/github.com-1ecc6299db9ec823/opencv-0.19.1/headers/4.1/opencv2/imgproc/hal/interface.h
[INFO] [stderr]   	/opt/rustwide/cargo-home/registry/src/github.com-1ecc6299db9ec823/opencv-0.19.1/headers/4.1/opencv2/imgproc/imgproc.hpp
[INFO] [stderr]   Generating module 'ml' from headers:
[INFO] [stderr]   	/opt/rustwide/cargo-home/registry/src/github.com-1ecc6299db9ec823/opencv-0.19.1/headers/4.1/opencv2/ml.hpp
[INFO] [stderr]   	/opt/rustwide/cargo-home/registry/src/github.com-1ecc6299db9ec823/opencv-0.19.1/headers/4.1/opencv2/ml/ml.hpp
[INFO] [stderr]   Generating module 'calib3d' from headers:
[INFO] [stderr]   	/opt/rustwide/cargo-home/registry/src/github.com-1ecc6299db9ec823/opencv-0.19.1/headers/4.1/opencv2/calib3d.hpp
[INFO] [stderr]   	/opt/rustwide/cargo-home/registry/src/github.com-1ecc6299db9ec823/opencv-0.19.1/headers/4.1/opencv2/calib3d/calib3d.hpp
[INFO] [stderr]   Generating module 'core' from headers:
[INFO] [stderr]   	/opt/rustwide/cargo-home/registry/src/github.com-1ecc6299db9ec823/opencv-0.19.1/headers/4.1/opencv2/core.hpp
[INFO] [stderr]   	/opt/rustwide/cargo-home/registry/src/github.com-1ecc6299db9ec823/opencv-0.19.1/headers/4.1/opencv2/core/affine.hpp
[INFO] [stderr]   	/opt/rustwide/cargo-home/registry/src/github.com-1ecc6299db9ec823/opencv-0.19.1/headers/4.1/opencv2/core/async.hpp
[INFO] [stderr]   	/opt/rustwide/cargo-home/registry/src/github.com-1ecc6299db9ec823/opencv-0.19.1/headers/4.1/opencv2/core/base.hpp
[INFO] [stderr]   	/opt/rustwide/cargo-home/registry/src/github.com-1ecc6299db9ec823/opencv-0.19.1/headers/4.1/opencv2/core/bindings_utils.hpp
[INFO] [stderr]   	/opt/rustwide/cargo-home/registry/src/github.com-1ecc6299db9ec823/opencv-0.19.1/headers/4.1/opencv2/core/bufferpool.hpp
[INFO] [stderr]   	/opt/rustwide/cargo-home/registry/src/github.com-1ecc6299db9ec823/opencv-0.19.1/headers/4.1/opencv2/core/check.hpp
[INFO] [stderr]   	/opt/rustwide/cargo-home/registry/src/github.com-1ecc6299db9ec823/opencv-0.19.1/headers/4.1/opencv2/core/core.hpp
[INFO] [stderr]   	/opt/rustwide/cargo-home/registry/src/github.com-1ecc6299db9ec823/opencv-0.19.1/headers/4.1/opencv2/core/cv_cpu_helper.h
[INFO] [stderr]   	/opt/rustwide/cargo-home/registry/src/github.com-1ecc6299db9ec823/opencv-0.19.1/headers/4.1/opencv2/core/cvdef.h
[INFO] [stderr]   	/opt/rustwide/cargo-home/registry/src/github.com-1ecc6299db9ec823/opencv-0.19.1/headers/4.1/opencv2/core/directx.hpp
[INFO] [stderr]   	/opt/rustwide/cargo-home/registry/src/github.com-1ecc6299db9ec823/opencv-0.19.1/headers/4.1/opencv2/core/hal/interface.h
[INFO] [stderr]   	/opt/rustwide/cargo-home/registry/src/github.com-1ecc6299db9ec823/opencv-0.19.1/headers/4.1/opencv2/core/mat.hpp
[INFO] [stderr]   	/opt/rustwide/cargo-home/registry/src/github.com-1ecc6299db9ec823/opencv-0.19.1/headers/4.1/opencv2/core/matx.hpp
[INFO] [stderr]   	/opt/rustwide/cargo-home/registry/src/github.com-1ecc6299db9ec823/opencv-0.19.1/headers/4.1/opencv2/core/neon_utils.hpp
[INFO] [stderr]   	/opt/rustwide/cargo-home/registry/src/github.com-1ecc6299db9ec823/opencv-0.19.1/headers/4.1/opencv2/core/ocl.hpp
[INFO] [stderr]   	/opt/rustwide/cargo-home/registry/src/github.com-1ecc6299db9ec823/opencv-0.19.1/headers/4.1/opencv2/core/ocl_genbase.hpp
[INFO] [stderr]   	/opt/rustwide/cargo-home/registry/src/github.com-1ecc6299db9ec823/opencv-0.19.1/headers/4.1/opencv2/core/optim.hpp
[INFO] [stderr]   	/opt/rustwide/cargo-home/registry/src/github.com-1ecc6299db9ec823/opencv-0.19.1/headers/4.1/opencv2/core/ovx.hpp
[INFO] [stderr]   	/opt/rustwide/cargo-home/registry/src/github.com-1ecc6299db9ec823/opencv-0.19.1/headers/4.1/opencv2/core/saturate.hpp
[INFO] [stderr]   	/opt/rustwide/cargo-home/registry/src/github.com-1ecc6299db9ec823/opencv-0.19.1/headers/4.1/opencv2/core/simd_intrinsics.hpp
[INFO] [stderr]   	/opt/rustwide/cargo-home/registry/src/github.com-1ecc6299db9ec823/opencv-0.19.1/headers/4.1/opencv2/core/softfloat.hpp
[INFO] [stderr]   	/opt/rustwide/cargo-home/registry/src/github.com-1ecc6299db9ec823/opencv-0.19.1/headers/4.1/opencv2/core/sse_utils.hpp
[INFO] [stderr]   	/opt/rustwide/cargo-home/registry/src/github.com-1ecc6299db9ec823/opencv-0.19.1/headers/4.1/opencv2/core/traits.hpp
[INFO] [stderr]   	/opt/rustwide/cargo-home/registry/src/github.com-1ecc6299db9ec823/opencv-0.19.1/headers/4.1/opencv2/core/types.hpp
[INFO] [stderr]   	/opt/rustwide/cargo-home/registry/src/github.com-1ecc6299db9ec823/opencv-0.19.1/headers/4.1/opencv2/core/utility.hpp
[INFO] [stderr]   	/opt/rustwide/cargo-home/registry/src/github.com-1ecc6299db9ec823/opencv-0.19.1/headers/4.1/opencv2/core/utils/allocator_stats.hpp
[INFO] [stderr]   	/opt/rustwide/cargo-home/registry/src/github.com-1ecc6299db9ec823/opencv-0.19.1/headers/4.1/opencv2/core/utils/logger.defines.hpp
[INFO] [stderr]   	/opt/rustwide/cargo-home/registry/src/github.com-1ecc6299db9ec823/opencv-0.19.1/headers/4.1/opencv2/core/utils/logger.hpp
[INFO] [stderr]   	/opt/rustwide/cargo-home/registry/src/github.com-1ecc6299db9ec823/opencv-0.19.1/headers/4.1/opencv2/core/utils/logtag.hpp
[INFO] [stderr]   	/opt/rustwide/cargo-home/registry/src/github.com-1ecc6299db9ec823/opencv-0.19.1/headers/4.1/opencv2/core/va_intel.hpp
[INFO] [stderr]   	/opt/rustwide/cargo-home/registry/src/github.com-1ecc6299db9ec823/opencv-0.19.1/headers/4.1/opencv2/core/version.hpp
[INFO] [stderr]   	/opt/rustwide/cargo-home/registry/src/github.com-1ecc6299db9ec823/opencv-0.19.1/headers/4.1/opencv2/core/vsx_utils.hpp
[INFO] [stderr]   NUM_JOBS = Some("16")
[INFO] [stderr]   TARGET = Some("x86_64-unknown-linux-gnu")
[INFO] [stderr]   OPT_LEVEL = Some("0")
[INFO] [stderr]   HOST = Some("x86_64-unknown-linux-gnu")
[INFO] [stderr]   CXX_x86_64-unknown-linux-gnu = None
[INFO] [stderr]   CXX_x86_64_unknown_linux_gnu = None
[INFO] [stderr]   HOST_CXX = None
[INFO] [stderr]   CXX = None
[INFO] [stderr]   CXXFLAGS_x86_64-unknown-linux-gnu = None
[INFO] [stderr]   CXXFLAGS_x86_64_unknown_linux_gnu = None
[INFO] [stderr]   HOST_CXXFLAGS = None
[INFO] [stderr]   CXXFLAGS = None
[INFO] [stderr]   CRATE_CC_NO_DEFAULTS = None
[INFO] [stderr]   DEBUG = Some("true")
[INFO] [stderr]   CARGO_CFG_TARGET_FEATURE = Some("fxsr,sse,sse2")
[INFO] [stderr]   CXX_x86_64-unknown-linux-gnu = None
[INFO] [stderr]   CXX_x86_64_unknown_linux_gnu = None
[INFO] [stderr]   HOST_CXX = None
[INFO] [stderr]   CXX = None
[INFO] [stderr]   CXXFLAGS_x86_64-unknown-linux-gnu = None
[INFO] [stderr]   CXXFLAGS_x86_64_unknown_linux_gnu = None
[INFO] [stderr]   HOST_CXXFLAGS = None
[INFO] [stderr]   CXXFLAGS = None
[INFO] [stderr]   CRATE_CC_NO_DEFAULTS = None
[INFO] [stderr]   CARGO_CFG_TARGET_FEATURE = Some("fxsr,sse,sse2")
[INFO] [stderr]   CXX_x86_64-unknown-linux-gnu = None
[INFO] [stderr]   CXX_x86_64_unknown_linux_gnu = None
[INFO] [stderr]   HOST_CXX = None
[INFO] [stderr]   CXX = None
[INFO] [stderr]   CXXFLAGS_x86_64-unknown-linux-gnu = None
[INFO] [stderr]   CXXFLAGS_x86_64_unknown_linux_gnu = None
[INFO] [stderr]   HOST_CXXFLAGS = None
[INFO] [stderr]   CXXFLAGS = None
[INFO] [stderr]   CRATE_CC_NO_DEFAULTS = None
[INFO] [stderr]   CARGO_CFG_TARGET_FEATURE = Some("fxsr,sse,sse2")
[INFO] [stderr]   running: "c++" "-O0" "-ffunction-sections" "-fdata-sections" "-fPIC" "-g" "-fno-omit-frame-pointer" "-m64" "-I" "/opt/rustwide/cargo-home/registry/src/github.com-1ecc6299db9ec823/opencv-0.19.1/headers/4.1" "-I" "/opt/rustwide/target/debug/build/opencv-8f4ba936349aad90/out" "-I" "." "-Wall" "-Wextra" "-std=c++11" "-Wno-deprecated-declarations" "-Wno-class-memaccess" "-o" "/opt/rustwide/target/debug/build/opencv-8f4ba936349aad90/out/photo.o" "-c" "/opt/rustwide/target/debug/build/opencv-8f4ba936349aad90/out/photo.cpp"
[INFO] [stderr]   running: "c++" "-O0" "-ffunction-sections" "-fdata-sections" "-fPIC" "-g" "-fno-omit-frame-pointer" "-m64" "-I" "/opt/rustwide/cargo-home/registry/src/github.com-1ecc6299db9ec823/opencv-0.19.1/headers/4.1" "-I" "/opt/rustwide/target/debug/build/opencv-8f4ba936349aad90/out" "-I" "." "-Wall" "-Wextra" "-std=c++11" "-Wno-deprecated-declarations" "-Wno-class-memaccess" "-o" "/opt/rustwide/target/debug/build/opencv-8f4ba936349aad90/out/dnn.o" "-c" "/opt/rustwide/target/debug/build/opencv-8f4ba936349aad90/out/dnn.cpp"
[INFO] [stderr]   running: "c++" "-O0" "-ffunction-sections" "-fdata-sections" "-fPIC" "-g" "-fno-omit-frame-pointer" "-m64" "-I" "/opt/rustwide/cargo-home/registry/src/github.com-1ecc6299db9ec823/opencv-0.19.1/headers/4.1" "-I" "/opt/rustwide/target/debug/build/opencv-8f4ba936349aad90/out" "-I" "." "-Wall" "-Wextra" "-std=c++11" "-Wno-deprecated-declarations" "-Wno-class-memaccess" "-o" "/opt/rustwide/target/debug/build/opencv-8f4ba936349aad90/out/line_descriptor.o" "-c" "/opt/rustwide/target/debug/build/opencv-8f4ba936349aad90/out/line_descriptor.cpp"
[INFO] [stderr]   running: "c++" "-O0" "-ffunction-sections" "-fdata-sections" "-fPIC" "-g" "-fno-omit-frame-pointer" "-m64" "-I" "/opt/rustwide/cargo-home/registry/src/github.com-1ecc6299db9ec823/opencv-0.19.1/headers/4.1" "-I" "/opt/rustwide/target/debug/build/opencv-8f4ba936349aad90/out" "-I" "." "-Wall" "-Wextra" "-std=c++11" "-Wno-deprecated-declarations" "-Wno-class-memaccess" "-o" "/opt/rustwide/target/debug/build/opencv-8f4ba936349aad90/out/features2d.o" "-c" "/opt/rustwide/target/debug/build/opencv-8f4ba936349aad90/out/features2d.cpp"
[INFO] [stderr]   running: "c++" "-O0" "-ffunction-sections" "-fdata-sections" "-fPIC" "-g" "-fno-omit-frame-pointer" "-m64" "-I" "/opt/rustwide/cargo-home/registry/src/github.com-1ecc6299db9ec823/opencv-0.19.1/headers/4.1" "-I" "/opt/rustwide/target/debug/build/opencv-8f4ba936349aad90/out" "-I" "." "-Wall" "-Wextra" "-std=c++11" "-Wno-deprecated-declarations" "-Wno-class-memaccess" "-o" "/opt/rustwide/target/debug/build/opencv-8f4ba936349aad90/out/objdetect.o" "-c" "/opt/rustwide/target/debug/build/opencv-8f4ba936349aad90/out/objdetect.cpp"
[INFO] [stderr]   running: "c++" "-O0" "-ffunction-sections" "-fdata-sections" "-fPIC" "-g" "-fno-omit-frame-pointer" "-m64" "-I" "/opt/rustwide/cargo-home/registry/src/github.com-1ecc6299db9ec823/opencv-0.19.1/headers/4.1" "-I" "/opt/rustwide/target/debug/build/opencv-8f4ba936349aad90/out" "-I" "." "-Wall" "-Wextra" "-std=c++11" "-Wno-deprecated-declarations" "-Wno-class-memaccess" "-o" "/opt/rustwide/target/debug/build/opencv-8f4ba936349aad90/out/imgproc.o" "-c" "/opt/rustwide/target/debug/build/opencv-8f4ba936349aad90/out/imgproc.cpp"
[INFO] [stderr]   running: "c++" "-O0" "-ffunction-sections" "-fdata-sections" "-fPIC" "-g" "-fno-omit-frame-pointer" "-m64" "-I" "/opt/rustwide/cargo-home/registry/src/github.com-1ecc6299db9ec823/opencv-0.19.1/headers/4.1" "-I" "/opt/rustwide/target/debug/build/opencv-8f4ba936349aad90/out" "-I" "." "-Wall" "-Wextra" "-std=c++11" "-Wno-deprecated-declarations" "-Wno-class-memaccess" "-o" "/opt/rustwide/target/debug/build/opencv-8f4ba936349aad90/out/cvv.o" "-c" "/opt/rustwide/target/debug/build/opencv-8f4ba936349aad90/out/cvv.cpp"
[INFO] [stderr]   running: "c++" "-O0" "-ffunction-sections" "-fdata-sections" "-fPIC" "-g" "-fno-omit-frame-pointer" "-m64" "-I" "/opt/rustwide/cargo-home/registry/src/github.com-1ecc6299db9ec823/opencv-0.19.1/headers/4.1" "-I" "/opt/rustwide/target/debug/build/opencv-8f4ba936349aad90/out" "-I" "." "-Wall" "-Wextra" "-std=c++11" "-Wno-deprecated-declarations" "-Wno-class-memaccess" "-o" "/opt/rustwide/target/debug/build/opencv-8f4ba936349aad90/out/bioinspired.o" "-c" "/opt/rustwide/target/debug/build/opencv-8f4ba936349aad90/out/bioinspired.cpp"
[INFO] [stderr]   running: "c++" "-O0" "-ffunction-sections" "-fdata-sections" "-fPIC" "-g" "-fno-omit-frame-pointer" "-m64" "-I" "/opt/rustwide/cargo-home/registry/src/github.com-1ecc6299db9ec823/opencv-0.19.1/headers/4.1" "-I" "/opt/rustwide/target/debug/build/opencv-8f4ba936349aad90/out" "-I" "." "-Wall" "-Wextra" "-std=c++11" "-Wno-deprecated-declarations" "-Wno-class-memaccess" "-o" "/opt/rustwide/target/debug/build/opencv-8f4ba936349aad90/out/hdf.o" "-c" "/opt/rustwide/target/debug/build/opencv-8f4ba936349aad90/out/hdf.cpp"
[INFO] [stderr]   running: "c++" "-O0" "-ffunction-sections" "-fdata-sections" "-fPIC" "-g" "-fno-omit-frame-pointer" "-m64" "-I" "/opt/rustwide/cargo-home/registry/src/github.com-1ecc6299db9ec823/opencv-0.19.1/headers/4.1" "-I" "/opt/rustwide/target/debug/build/opencv-8f4ba936349aad90/out" "-I" "." "-Wall" "-Wextra" "-std=c++11" "-Wno-deprecated-declarations" "-Wno-class-memaccess" "-o" "/opt/rustwide/target/debug/build/opencv-8f4ba936349aad90/out/calib3d.o" "-c" "/opt/rustwide/target/debug/build/opencv-8f4ba936349aad90/out/calib3d.cpp"
[INFO] [stderr]   running: "c++" "-O0" "-ffunction-sections" "-fdata-sections" "-fPIC" "-g" "-fno-omit-frame-pointer" "-m64" "-I" "/opt/rustwide/cargo-home/registry/src/github.com-1ecc6299db9ec823/opencv-0.19.1/headers/4.1" "-I" "/opt/rustwide/target/debug/build/opencv-8f4ba936349aad90/out" "-I" "." "-Wall" "-Wextra" "-std=c++11" "-Wno-deprecated-declarations" "-Wno-class-memaccess" "-o" "/opt/rustwide/target/debug/build/opencv-8f4ba936349aad90/out/ml.o" "-c" "/opt/rustwide/target/debug/build/opencv-8f4ba936349aad90/out/ml.cpp"
[INFO] [stderr]   running: "c++" "-O0" "-ffunction-sections" "-fdata-sections" "-fPIC" "-g" "-fno-omit-frame-pointer" "-m64" "-I" "/opt/rustwide/cargo-home/registry/src/github.com-1ecc6299db9ec823/opencv-0.19.1/headers/4.1" "-I" "/opt/rustwide/target/debug/build/opencv-8f4ba936349aad90/out" "-I" "." "-Wall" "-Wextra" "-std=c++11" "-Wno-deprecated-declarations" "-Wno-class-memaccess" "-o" "/opt/rustwide/target/debug/build/opencv-8f4ba936349aad90/out/core.o" "-c" "/opt/rustwide/target/debug/build/opencv-8f4ba936349aad90/out/core.cpp"
[INFO] [stderr]   running: "c++" "-O0" "-ffunction-sections" "-fdata-sections" "-fPIC" "-g" "-fno-omit-frame-pointer" "-m64" "-I" "/opt/rustwide/cargo-home/registry/src/github.com-1ecc6299db9ec823/opencv-0.19.1/headers/4.1" "-I" "/opt/rustwide/target/debug/build/opencv-8f4ba936349aad90/out" "-I" "." "-Wall" "-Wextra" "-std=c++11" "-Wno-deprecated-declarations" "-Wno-class-memaccess" "-o" "/opt/rustwide/target/debug/build/opencv-8f4ba936349aad90/out/freetype.o" "-c" "/opt/rustwide/target/debug/build/opencv-8f4ba936349aad90/out/freetype.cpp"
[INFO] [stderr]   running: "c++" "-O0" "-ffunction-sections" "-fdata-sections" "-fPIC" "-g" "-fno-omit-frame-pointer" "-m64" "-I" "/opt/rustwide/cargo-home/registry/src/github.com-1ecc6299db9ec823/opencv-0.19.1/headers/4.1" "-I" "/opt/rustwide/target/debug/build/opencv-8f4ba936349aad90/out" "-I" "." "-Wall" "-Wextra" "-std=c++11" "-Wno-deprecated-declarations" "-Wno-class-memaccess" "-o" "/opt/rustwide/target/debug/build/opencv-8f4ba936349aad90/out/plot.o" "-c" "/opt/rustwide/target/debug/build/opencv-8f4ba936349aad90/out/plot.cpp"
[INFO] [stderr]   running: "c++" "-O0" "-ffunction-sections" "-fdata-sections" "-fPIC" "-g" "-fno-omit-frame-pointer" "-m64" "-I" "/opt/rustwide/cargo-home/registry/src/github.com-1ecc6299db9ec823/opencv-0.19.1/headers/4.1" "-I" "/opt/rustwide/target/debug/build/opencv-8f4ba936349aad90/out" "-I" "." "-Wall" "-Wextra" "-std=c++11" "-Wno-deprecated-declarations" "-Wno-class-memaccess" "-o" "/opt/rustwide/target/debug/build/opencv-8f4ba936349aad90/out/phase_unwrapping.o" "-c" "/opt/rustwide/target/debug/build/opencv-8f4ba936349aad90/out/phase_unwrapping.cpp"
[INFO] [stderr]   running: "c++" "-O0" "-ffunction-sections" "-fdata-sections" "-fPIC" "-g" "-fno-omit-frame-pointer" "-m64" "-I" "/opt/rustwide/cargo-home/registry/src/github.com-1ecc6299db9ec823/opencv-0.19.1/headers/4.1" "-I" "/opt/rustwide/target/debug/build/opencv-8f4ba936349aad90/out" "-I" "." "-Wall" "-Wextra" "-std=c++11" "-Wno-deprecated-declarations" "-Wno-class-memaccess" "-o" "/opt/rustwide/target/debug/build/opencv-8f4ba936349aad90/out/sfm.o" "-c" "/opt/rustwide/target/debug/build/opencv-8f4ba936349aad90/out/sfm.cpp"
[INFO] [stderr]   cargo:warning=c++: fatal error: Killed signal terminated program cc1plus
[INFO] [stderr]   cargo:warning=compilation terminated.
[INFO] [stderr]   exit code: 1
[INFO] [stderr]   cargo:warning=c++: fatal error: Killed signal terminated program cc1plus
[INFO] [stderr]   cargo:warning=compilation terminated.
[INFO] [stderr]   exit code: 1
[INFO] [stderr]   cargo:warning=c++: fatal error: Killed signal terminated program cc1plus
[INFO] [stderr]   cargo:warning=compilation terminated.
[INFO] [stderr]   exit code: 1
[INFO] [stderr]   cargo:warning=c++: fatal error: Killed signal terminated program cc1plus
[INFO] [stderr]   cargo:warning=compilation terminated.
[INFO] [stderr]   exit code: 1
[INFO] [stderr]   cargo:warning=c++: fatal error: Killed signal terminated program cc1plus
[INFO] [stderr]   cargo:warning=compilation terminated.
[INFO] [stderr]   exit code: 1
[INFO] [stderr]   cargo:warning=c++: fatal error: Killed signal terminated program cc1plus
[INFO] [stderr]   cargo:warning=compilation terminated.
[INFO] [stderr]   exit code: 1
[INFO] [stderr]   cargo:warning=c++: fatal error: Killed signal terminated program cc1plus
[INFO] [stderr]   cargo:warning=compilation terminated.
[INFO] [stderr]   exit code: 1
[INFO] [stderr]   cargo:warning=c++: fatal error: Killed signal terminated program cc1plus
[INFO] [stderr]   cargo:warning=compilation terminated.
[INFO] [stderr]   exit code: 1
[INFO] [stderr]   cargo:warning=c++: fatal error: Killed signal terminated program cc1plus
[INFO] [stderr]   cargo:warning=compilation terminated.
[INFO] [stderr]   exit code: 1
[INFO] [stderr]   cargo:warning=c++: fatal error: Killed signal terminated program cc1plus
[INFO] [stderr]   cargo:warning=compilation terminated.
[INFO] [stderr]   exit code: 1
[INFO] [stderr]   cargo:warning=c++: fatal error: Killed signal terminated program cc1plus
[INFO] [stderr]   cargo:warning=compilation terminated.
[INFO] [stderr]   exit code: 1
[INFO] [stderr]   exit code: 0
[INFO] [stderr]   exit code: 0
[INFO] [stderr]   exit code: 0
[INFO] [stderr]   exit code: 0
[INFO] [stderr]   exit code: 0
[INFO] [stderr] 
[INFO] [stderr]   --- stderr
[INFO] [stderr]   === Using OpenCV headers from: /opt/rustwide/cargo-home/registry/src/github.com-1ecc6299db9ec823/opencv-0.19.1/headers/4.1/opencv2
[INFO] [stderr]   === Generating code in: /opt/rustwide/target/debug/build/opencv-8f4ba936349aad90/out
[INFO] [stderr] 
[INFO] [stderr] 
[INFO] [stderr]   error occurred: Command "c++" "-O0" "-ffunction-sections" "-fdata-sections" "-fPIC" "-g" "-fno-omit-frame-pointer" "-m64" "-I" "/opt/rustwide/cargo-home/registry/src/github.com-1ecc6299db9ec823/opencv-0.19.1/headers/4.1" "-I" "/opt/rustwide/target/debug/build/opencv-8f4ba936349aad90/out" "-I" "." "-Wall" "-Wextra" "-std=c++11" "-Wno-deprecated-declarations" "-Wno-class-memaccess" "-o" "/opt/rustwide/target/debug/build/opencv-8f4ba936349aad90/out/line_descriptor.o" "-c" "/opt/rustwide/target/debug/build/opencv-8f4ba936349aad90/out/line_descriptor.cpp" with args "c++" did not execute successfully (status code exit code: 1).
[INFO] [stderr] 
[INFO] [stderr] 
[INFO] running `Command { std: "docker" "inspect" "1e2b09d6f08b20a072655da7799686f002c3b7e63adb7b3bbc4ebf26de19e603", kill_on_drop: false }`
[INFO] running `Command { std: "docker" "rm" "-f" "1e2b09d6f08b20a072655da7799686f002c3b7e63adb7b3bbc4ebf26de19e603", kill_on_drop: false }`
[INFO] [stdout] 1e2b09d6f08b20a072655da7799686f002c3b7e63adb7b3bbc4ebf26de19e603
